 + -2. Let j be -144*(z - (-80)/15). Calculate the highest common factor of 128 and j.
32
Let h(d) be the third derivative of d**6/60 + 5*d**5/12 - 2*d**4/3 - 11*d**3/6 + 10*d**2. Let c be h(-12). What is the highest common divisor of 50 and c?
25
Let p be (-2)/5 + (-834)/(-10). Let l(j) = -j**3 - 8*j**2 - 3296*j - 36618. Let a be l(-11). What is the greatest common divisor of p and a?
1
Let z = 143 + -135. Suppose -2*b = -9*q + z*q + 60, 0 = 3*b. Calculate the greatest common divisor of q and 20.
20
Let t(j) = -347*j - 1324. Let i be t(-4). What is the highest common divisor of 56 and i?
8
Suppose 122*m - 13299 - 2844 = -1503. What is the highest common divisor of 9440 and m?
40
Suppose 260*u = 207*u + 22419. Calculate the highest common divisor of 1363 and u.
47
Suppose -21974 = -58*j - 2138. Calculate the greatest common factor of j and 2166.
114
Let z(u) = u**3 - 2*u**2 - 11 - 2*u**2 - 98*u + 105*u. Let n be z(3). What is the highest common divisor of 4 and n?
1
Suppose -6533 = -39*t + 22323 - 5768. Calculate the greatest common divisor of t and 2886.
74
Let b = 177 - 121. Let c = 9214 - 8962. Calculate the highest common factor of b and c.
28
Suppose -k - 14*t = -9*t - 61, -5*t - 35 = -5*k. Let g = 26 - 6. What is the greatest common factor of g and k?
4
Let r be (11634/(-9695))/(2/(-50)). Suppose 2*o = 5*o - 120. Calculate the highest common factor of o and r.
10
Let h(g) = 2*g + 12. Suppose 0 = -14*f + 13*f - 6. Let j be h(f). Suppose -3 - 45 = -v - d, j = -d. Calculate the greatest common factor of v and 12.
12
Let s be 8721 - ((15 - 7) + -32). Calculate the greatest common factor of s and 33.
33
Suppose -49 + 1620 = 14*d - 277. What is the highest common factor of 2178 and d?
66
Suppose 406*f + 55044 = 424*f. What is the greatest common divisor of 22 and f?
22
Let j be (-2)/18 - (28265/(-45) + 4). Let b = j - 455. Calculate the greatest common divisor of b and 13.
13
Let g = -211 + 477. Calculate the greatest common factor of 285 and g.
19
Let d(i) be the first derivative of 9*i**2/2 + 153*i - 120. Let f be d(-14). Suppose w = 5 + 238. What is the highest common factor of w and f?
27
Let v be 24/(-28)*(-21)/6. Let y be 3 - 0/5 - 1. Suppose y*z + v = 13. What is the greatest common divisor of 35 and z?
5
Let f be 75/(13/3861*11). Calculate the highest common divisor of f and 81.
81
Suppose -21*y = 28*y - 441. Suppose 48 = 3*m - 3*s, 0 = 14*s - y*s + 10. Suppose 0 = 5*h - 309 - 461. What is the highest common factor of m and h?
14
Suppose 36*m = 3*x + 32*m - 941, -5*m = -3*x + 937. Let v(u) = -2*u**3 + 15*u**2 + 19*u - 30. Let w be v(8). What is the highest common factor of w and x?
29
Let w be (-2)/3 + 1/(-3). Let v be (13 - 4) + w + 1. Let i(d) = d + 21. Let g be i(-18). What is the greatest common divisor of v and g?
3
Let u be 22 + 3627/(-156) + (-658)/(-8). Calculate the greatest common divisor of u and 261.
9
Let v = -559 - -2002. Suppose 2*l + 142 = 5*y - 1633, -4*y - 3*l = -v. Calculate the greatest common factor of y and 102.
51
Let o be -2*(-1)/2 + 111. Suppose -506*x + 504*x = -280. What is the highest common factor of x and o?
28
Suppose 3*m - 140 + 125 = 0. Suppose 5*c + 2*h = 332, 5*c + m*h = 225 + 110. Let b = 35 + -24. Calculate the greatest common divisor of b and c.
11
Suppose 4*j - 3*r - 489 = 0, -2*j + 8*r - 5*r + 249 = 0. What is the greatest common factor of j and 30840?
120
Let d(w) = 2*w**2 - 3*w + 10. Let v be d(-8). Let i = 186 - v. Suppose -u + 296 = 5*z, 4*z - 202 = 4*u + 54. What is the greatest common divisor of z and i?
12
Let b = -5 - -40. Suppose -5*a + 0*a = -5*o - 60, -53*o - 244 = 3*a. Calculate the greatest common divisor of b and a.
7
Suppose 0 = 4*i + g - 21512, 0 = -4*i + 4*g + 25406 - 3934. Calculate the highest common factor of i and 21.
21
Suppose 79*f - 52724 - 11915 = 54256. Calculate the greatest common divisor of 1720 and f.
215
Let p = 66 + -37. Let y be p + (-12)/(-3) + -4. Suppose -y*r + 128 = -25*r. Calculate the highest common factor of r and 96.
32
Let u = -1839523 + 1839769. Let d be (-17)/(-3) + (-2)/(-6). Calculate the highest common divisor of u and d.
6
Let c be 4 + (2184/13 - 0)/(1/2). Calculate the highest common factor of 51 and c.
17
Suppose -3 - 52 = -2*j - q, -5*q = -35. What is the highest common factor of j and 1536?
24
Suppose -8*a - 12 = -7*a. Let q be 1*a*8/(-16). Let h be (-4 + (-12)/(-6))*(-9)/q. Calculate the greatest common factor of 1 and h.
1
Let l be (-250)/(-8) - ((-21)/12 + 1). Suppose -l*j - 260 = -27*j. Let g = 66 + j. What is the greatest common factor of g and 112?
14
Let f(k) = -665*k + 489. Let o be f(-3). What is the greatest common factor of 92 and o?
92
Let i = -372 - -372. Suppose -5*l - u + 307 = i, 0*l - 3*l - 3*u + 177 = 0. Calculate the highest common divisor of l and 93.
31
Let z(m) be the second derivative of -3*m**3/2 + 26*m**2 + 6*m. Let r be z(5). What is the greatest common divisor of 301 and r?
7
Suppose -5*p + 1281 = -1019. Suppose 0 = -502*v + 1299 + 8741. Calculate the greatest common divisor of p and v.
20
Suppose -79*p = -49*p - 3930. What is the highest common factor of p and 393?
131
Suppose 73920 = 548*s - 527*s. Calculate the highest common factor of s and 64.
64
Suppose -200*z + 18021 = -4379. Let x(p) = 8*p**2 - 4*p + 4. Let i be x(3). What is the highest common divisor of z and i?
16
Let u = 11 - 385. Let o be (-14630)/u - (159/51 - 3). What is the highest common divisor of 247 and o?
13
Let p(g) = g**3 + 62*g**2 - 26*g + 300. Let f be p(-62). What is the greatest common factor of f and 40?
8
Suppose 5*f = -5*z + 760, -14*z + 303 = 2*f - 11*z. Let d(c) = c**3 - 2*c**2 - 140*c - 5. Let h be d(13). Calculate the greatest common divisor of f and h.
17
Let w be (100/8 - -1) + 11/(-22). Suppose -w*o = -16*o + 126. What is the greatest common divisor of o and 182?
14
Let j be 12/(-54) - (-1318)/18. Let t = 109 - j. Suppose -3*h + 5*o + 130 - 17 = 0, 4*h - 143 = -o. What is the highest common divisor of t and h?
36
Let o be (-88 + -5)/(0 - (-3)/(-10)). What is the highest common factor of 12524 and o?
62
Suppose -5*g - 177*p + 173*p = -18656, 2*p + 14956 = 4*g. What is the highest common divisor of 16 and g?
8
Suppose 11*o + 39 = 24*o. Let f be (7203/245)/(o/10). Suppose -2*g - 42 = -5*g. What is the highest common factor of f and g?
14
Suppose 128*m - 133*m = -5. Suppose 0 = -30*d + 29*d + m. What is the highest common divisor of 42 and d?
1
Let u = 513 + -84. Let a = -61 - -100. Calculate the highest common divisor of u and a.
39
Suppose 140*g - 449466 = -64*g + 178242. What is the greatest common divisor of 1629 and g?
181
Let k(h) = 3*h**2 - 26. Let a be k(4). Suppose 2*v + a*j - 21*j = 428, -5*v = -2*j - 1070. Calculate the highest common divisor of v and 107.
107
Suppose 4*d - 2*s - 56 = 0, -1100*s + 1099*s + 49 = 5*d. Suppose -3*f - 5*u + 85 + 42 = 0, -u - 1 = 0. Calculate the greatest common divisor of f and d.
11
Suppose 49*t - 45*t - 949 = -v, 5*t = 2*v + 1196. What is the highest common factor of 1870 and t?
34
Suppose 0 = 2*b + 136*c - 134*c - 70, 5*b - c - 109 = 0. Suppose 2*o = -4*x + 454, x = -0*x + 5*o + 119. What is the highest common factor of x and b?
6
Suppose 8 = 14*t - 188. Suppose -15 + t = 2*h + 3*w, 2*w - 2 = -2*h. What is the highest common divisor of h and 64?
4
Let i be 2317/6 - 2 - -10*(-1)/60. What is the highest common factor of 24 and i?
24
Let j(a) = a**2 + 45*a - 527. Let y be j(10). Calculate the greatest common divisor of 19067 and y.
23
Let q = -996 - -1028. Calculate the highest common factor of 40 and q.
8
Let x = -134 - -138. Let o be (1 - x/3) + 1463/33. Let c(i) = i + 110. Let t be c(0). What is the highest common factor of t and o?
22
Let p = 80 + -60. Suppose p + 30 = z. Let g = -40 + z. Calculate the greatest common factor of 2 and g.
2
Suppose l + 105 - 3 = 0. Let z = 170 + l. What is the greatest common factor of z and 51?
17
Suppose 0 = 15*n + 1195 + 2630. Let i = 267 + n. Calculate the greatest common divisor of i and 48.
12
Let t = -40 - -57. Let r = t - -18. Suppose -458 = -11*v - 381. Calculate the highest common factor of v and r.
7
Let q = 7 + -4. Let n be (q - (-4 + 9))*-10. Let o(w) = -w + 66. Let s be o(-14). Calculate the highest common divisor of n and s.
20
Let g = 53203